MONTHLY CLIMATOLOGICAL SUMMARY for OCT. 2019

NAME: Estensemeteo   CITY: Ferrara STATE: Italy
ELEV: 11 LAT: 044:48:49 LONG: -011:41:15

                            TEMPERATURE ( C), RAIN (mm), WIND SPEED (kmh)

                                               HEAT     COOL           AVG
      MEAN                                     DEG      DEG            WIND                       DOM
DAY   TEMP    HIGH   TIME     LOW    TIME      DAYS     DAYS    RAIN   SPEED    HIGH    TIME      DIR
--------------------------------------------------------------------------------------------------------
01    21.1    27.3   17:18    17.6   03:36     00.0     02.8    00.0   03.6     20.4    19:25     SSW
02    18.8    22.9   17:44    16.4   04:23     00.0     00.5    06.3   03.4     16.6    08:37     SSE
03    15.0    18.6   15:53    12.4   10:47     03.3     00.0    26.4   07.0     55.5    03:48      NE
04    14.5    20.0   15:36    08.4   06:47     03.8     00.0    00.0   02.8     18.5    14:44      S 
05    16.0    21.1   15:18    11.8   07:53     02.3     00.0    00.0   02.5     18.5    14:39     WNW
06    16.2    21.2   15:06    12.4   06:28     02.1     00.0    00.0   06.2     31.4    15:46      E 
07    15.2    19.7   15:41    11.6   08:06     03.1     00.0    05.1   07.8     31.4    07:36     NNE
08    15.0    21.1   16:22    10.1   07:06     03.3     00.0    00.0   02.8     14.8    10:09     ENE
09    15.9    21.9   15:38    10.6   07:05     02.4     00.0    00.5   03.2     25.9    17:44      NE
10    16.6    20.6   15:51    14.1   23:33     01.7     00.0    00.0   03.2     16.6    15:06     WNW
11    16.5    21.9   16:03    12.1   07:44     01.8     00.0    00.0   02.4     14.8    12:32      NW
12    16.0    20.8   16:14    12.0   07:54     02.3     00.0    00.0   01.9     11.1    19:42      W 
13    16.5    21.6   15:54    11.1   06:06     01.8     00.0    00.0   01.7     11.1    21:31     SSE
14    17.4    22.7   14:56    13.8   04:21     00.9     00.0    00.0   02.9     18.5    16:21      SE
15    19.4    25.2   13:42    16.6   07:55     00.0     01.1    06.3   08.1     40.7    19:48     ESE
16    16.6    20.6   16:16    12.8   07:48     01.7     00.0    00.0   05.1     24.1    14:03     WSW
17    16.3    21.7   15:10    10.9   04:51     02.0     00.0    00.0   02.0     14.8    13:26     WSW
--------------------------------------------------------------------------------------------------------
16.6 (17.2)   27.3  day 01     08.4  day 04   032.5    004.4   044.7   03.9     55.5   day 03     ENE
Max Rain: 26.4 ON 3-10-19
Days of Rain: 5 (> .2mm) 4 (> 2mm) 1 (> 20mm)