MONTHLY CLIMATOLOGICAL SUMMARY for NOV. 2018

NAME: Estensemeteo   CITY: Ferrara STATE: Italy
ELEV: 11 LAT: 044:48:49 LONG: -011:41:15

                            TEMPERATURE ( C), RAIN (mm), WIND SPEED (kmh)

                                               HEAT     COOL           AVG
      MEAN                                     DEG      DEG            WIND                       DOM
DAY   TEMP    HIGH   TIME     LOW    TIME      DAYS     DAYS    RAIN   SPEED    HIGH    TIME      DIR
--------------------------------------------------------------------------------------------------------
01    15.3    17.7   17:02    13.5   01:10     03.0     00.0    22.4   06.6     35.1    05:35     ESE
02    14.4    15.3   14:16    13.4   06:20     03.9     00.0    19.1   03.4     18.5    06:17     WNW
03    15.0    17.7   15:01    13.7   05:52     03.3     00.0    00.3   03.4     16.6    23:32     WNW
04    15.1    16.8   23:47    12.3   07:47     03.2     00.0    01.0   05.0     20.4    23:11     ENE
05    16.9    19.4   15:42    15.6   00:00     01.4     00.0    35.3   05.7     29.6    01:09     ENE
06    16.2    18.9   15:19    14.6   22:04     02.1     00.0    00.0   03.2     14.8    18:49      E 
07    16.1    19.7   14:57    13.3   07:55     02.2     00.0    00.0   02.9     12.9    12:21     ENE
08    14.7    19.2   15:40    11.3   00:00     03.6     00.0    00.3   02.8     14.8    08:40     WSW
09    12.3    13.9   14:49    09.7   02:14     06.0     00.0    00.3   02.8     18.5    14:22     ESE
10    12.7    14.2   15:04    11.6   06:23     05.6     00.0    00.0   02.9     12.9    23:04     ENE
11    14.3    18.1   15:09    11.6   06:40     04.0     00.0    00.0   02.7     12.9    14:09     ENE
12    14.4    16.9   13:46    12.4   05:50     03.9     00.0    00.0   01.7     09.3    23:33      SW
13    14.9    18.1   15:04    13.3   08:16     03.4     00.0    00.0   02.3     14.8    21:37     SSW
14    14.0    16.9   14:38    11.0   00:00     04.3     00.0    00.0   02.1     09.3    16:06      NW
15    11.7    16.1   14:40    08.9   08:30     06.6     00.0    00.3   03.1     16.6    14:05     NNW
16    09.6    13.4   13:14    07.4   04:29     08.7     00.0    00.0   04.3     29.6    16:12     NNE
17    08.5    12.2   12:15    04.8   00:00     09.8     00.0    00.0   05.8     33.3    10:13      NE
18    06.1    10.5   12:47    02.4   06:25     12.2     00.0    00.0   05.9     29.6    11:27      N 
19    05.6    07.9   15:07    03.3   07:42     12.7     00.0    04.1   08.4     42.5    23:32      NE
20    04.7    05.9   12:57    03.7   04:06     13.6     00.0    13.2   10.7     44.4    02:37     NNW
21    07.7    11.1   13:49    04.8   07:21     10.6     00.0    00.0   04.0     18.5    10:35      W 
22    08.0    10.2   15:26    06.8   07:01     10.3     00.0    00.3   02.7     14.8    11:12     WNW
23    08.9    10.5   14:33    07.1   07:55     09.4     00.0    11.7   03.8     20.4    14:29     ENE
24    10.6    11.8   14:45    09.6   00:00     07.7     00.0    02.5   04.3     18.5    12:09     WNW
25    09.3    09.7   00:36    08.8   09:29     09.0     00.0    05.6   06.0     22.2    16:37     WNW
26    09.8    13.2   15:29    06.9   23:34     08.5     00.0    00.0   03.6     18.5    09:53      W 
27    09.9    13.3   14:56    06.9   02:32     08.4     00.0    00.3   03.1     18.5    08:37     NNW
28    08.5    12.2   14:26    05.1   00:00     09.8     00.0    00.0   02.8     14.8    14:54     NNE
29    04.4    08.1   14:17    01.0   07:39     13.9     00.0    00.0   02.5     14.8    11:17     NNE
30    03.3    06.1   15:49    00.4   06:28     15.0     00.0    00.0   03.3     12.9    13:54     NNW
--------------------------------------------------------------------------------------------------------
11.1 (11.3)   19.7  day 07     00.4  day 30   216.1    000.0   086.9   04.1     44.4   day 20     N
Max Rain: 35.3 ON 5-11-18
Days of Rain: 15 (> .2mm) 8 (> 2mm) 2 (> 20mm)