MONTHLY CLIMATOLOGICAL SUMMARY for JAN. 2019

NAME: Estensemeteo   CITY: Ferrara STATE: Italy
ELEV: 11 LAT: 044:48:49 LONG: -011:41:15

                            TEMPERATURE ( C), RAIN (mm), WIND SPEED (kmh)

                                               HEAT     COOL           AVG
      MEAN                                     DEG      DEG            WIND                       DOM
DAY   TEMP    HIGH   TIME     LOW    TIME      DAYS     DAYS    RAIN   SPEED    HIGH    TIME      DIR
--------------------------------------------------------------------------------------------------------
01    02.6    03.5   18:16    00.9   05:10     15.7     00.0    00.3   04.2     20.4    21:38     WNW
02    02.2    04.8   13:45   -01.8   22:10     16.1     00.0    00.0   05.9     24.1    13:53     WNW
03    01.5    06.2   15:47   -02.6   07:58     16.8     00.0    00.0   03.4     18.5    09:35     WSW
04    00.3    05.7   15:17   -05.3   06:19     18.0     00.0    00.0   03.8     24.1    06:20      SW
05   -00.3    02.9   15:54   -01.9   00:00     18.6     00.0    00.0   02.0     12.9    13:12     WNW
06    00.8    08.1   15:55   -03.8   07:00     17.5     00.0    00.0   02.3     14.8    14:42     ESE
07    02.1    07.4   15:45   -01.4   08:29     16.2     00.0    00.0   02.3     12.9    15:45     NNE
08   -00.8    01.4   13:02   -03.9   06:16     19.1     00.0    00.3   02.8     14.8    23:03      W 
09   -00.5    01.2   12:57   -02.2   00:00     18.8     00.0    00.0   05.0     24.1    11:12     WNW
10    01.0    07.4   15:05   -04.3   05:46     17.3     00.0    00.3   02.4     12.9    13:57     WSW
11    02.2    07.0   14:23   -01.6   08:33     16.1     00.0    00.0   01.4     09.3    14:12      NW
12    00.8    05.9   15:24   -02.3   08:23     17.5     00.0    00.0   03.2     14.8    15:25      W 
13    02.5    07.2   14:55   -01.2   08:54     15.8     00.0    00.0   02.5     12.9    23:40     WNW
14    04.9    12.6   16:09   -01.2   06:32     13.4     00.0    00.0   06.3     22.2    22:33     WNW
15    06.1    12.6   15:32    01.2   04:46     12.2     00.0    00.0   04.7     18.5    13:19      SW
16    05.7    13.6   15:11   -00.6   08:34     12.6     00.0    00.0   02.7     14.8    00:00      SW
17    06.2    13.8   15:06    02.2   02:24     12.1     00.0    00.0   03.5     22.2    15:15      NE
18    05.6    07.2   16:15    04.4   08:29     12.7     00.0    02.5   04.9     25.9    23:49      N 
19    04.3    06.4   13:31    02.3   00:00     14.0     00.0    05.1   04.7     24.1    01:02     NNE
20    02.8    05.3   15:42    01.1   08:56     15.5     00.0    00.0   00.7     07.4    11:47      NE
21    03.3    05.3   15:25    01.3   07:20     15.0     00.0    00.0   04.4     18.5    14:09      NW
22    02.8    05.3   14:39    00.9   08:33     15.5     00.0    00.8   06.7     20.4    21:27      NW
23    01.6    03.8   13:38    00.2   07:00     16.7     00.0    01.3   06.0     27.8    23:54     NNE
24    03.8    07.9   15:48    01.2   07:21     14.5     00.0    00.8   08.3     29.6    12:40     NNW
25    02.7    07.3   14:21   -01.2   08:24     15.6     00.0    00.0   04.9     20.4    14:21     NNW
26    01.3    06.8   15:14   -02.9   07:49     17.0     00.0    00.0   02.6     11.1    13:14     WNW
27    01.5    04.8   16:31   -01.2   08:32     16.8     00.0    01.3   04.7     24.1    23:00     NNE
28    02.7    04.1   21:11    00.8   07:02     15.6     00.0    06.6   06.7     31.4    16:58     WNW
29    04.6    08.4   15:50    01.1   08:50     13.7     00.0    00.3   04.0     18.5    03:51      NW
30    02.1    06.8   14:28   -00.3   08:32     16.2     00.0    20.8   04.4     22.2    17:17     NNE
31    03.0    06.1   12:53    00.2   08:17     15.3     00.0    00.0   04.1     24.1    00:53     WNW
--------------------------------------------------------------------------------------------------------
02.6 (3.0)   13.8  day 17    -05.3  day 04   487.9    000.0   046.2   04.0     31.5   day 28      NW
Min <=   0: 18
Min <= -5: 1
Min <=  -5: 1
Max Rain: 20.8 ON 30-01-19
Days of Rain: 12 (> .2mm) 4 (> 2mm) 1 (> 20mm)