MONTHLY CLIMATOLOGICAL SUMMARY for FEB. 2019

NAME: Estensemeteo   CITY: Ferrara STATE: Italy
ELEV: 11 LAT: 044:48:49 LONG: -011:41:15

                            TEMPERATURE ( C), RAIN (mm), WIND SPEED (kmh)

                                               HEAT     COOL           AVG
      MEAN                                     DEG      DEG            WIND                       DOM
DAY   TEMP    HIGH   TIME     LOW    TIME      DAYS     DAYS    RAIN   SPEED    HIGH    TIME      DIR
--------------------------------------------------------------------------------------------------------
01    03.9    05.8   14:12    03.1   05:11     14.4     00.0    03.8   05.6     29.6    03:37      NE
02    03.5    05.1   18:22    02.1   07:53     14.8     00.0    11.4   04.1     18.5    23:47      W 
03    05.5    07.9   15:59    03.4   03:13     12.8     00.0    02.8   04.0     20.4    02:12      W 
04    06.5    10.6   15:24    02.8   00:00     11.8     00.0    00.0   05.6     29.6    14:18     NNE
05    05.2    10.1   15:37    00.3   07:14     13.1     00.0    00.0   05.1     20.4    15:00      NW
06    05.8    12.5   16:08    00.2   07:40     12.5     00.0    00.0   04.6     18.5    05:45     WNW
07    05.1    10.8   15:33   -00.3   07:39     13.2     00.0    00.0   02.5     12.9    06:54     WNW
08    06.4    12.4   15:40    01.6   09:01     11.9     00.0    00.0   02.8     14.8    14:07      W 
09    06.2    12.5   15:36    00.6   08:17     12.1     00.0    00.0   03.3     14.8    20:05     WSW
10    07.5    12.5   14:46    05.2   08:09     10.8     00.0    00.0   03.9     16.6    23:57      NE
11    07.7    12.3   16:39    03.9   07:15     10.6     00.0    02.8   11.2     38.9    03:46     WNW
12    06.9    13.9   15:01    01.6   04:45     11.4     00.0    00.0   08.6     29.6    14:47     WNW
13    06.3    12.6   16:09    00.8   08:07     12.0     00.0    00.0   04.1     22.2    12:37      SE
14    05.8    13.1   16:23    00.1   07:21     12.5     00.0    00.0   03.2     18.5    15:40      W 
15    06.4    14.5   15:27   -00.1   07:19     11.9     00.0    00.0   02.9     20.4    17:31      SW
16    07.3    14.8   16:19    00.1   07:51     11.0     00.0    00.0   02.7     14.8    13:17      W 
17    08.9    16.4   16:08    01.8   07:27     09.4     00.0    00.0   03.7     18.5    13:22      W 
18    08.9    16.2   15:54    02.6   06:45     09.4     00.0    00.0   04.0     16.6    13:47      W 
19    06.8    13.7   15:45    02.2   05:17     11.5     00.0    00.0   04.6     22.2    13:03     NNW
20    07.3    12.1   15:38    02.2   00:00     11.0     00.0    00.0   02.4     14.8    12:04      N 
21    05.7    13.6   17:01   -00.3   07:36     12.6     00.0    00.0   01.6     14.8    14:10      W 
22    08.7    16.6   16:27    02.9   07:24     09.6     00.0    00.0   04.4     29.6    09:38      W 
23    05.1    09.1   13:40    02.0   05:37     13.2     00.0    00.3   09.2     44.4    15:12      E 
24    04.6    09.9   14:31   -01.3   07:34     13.7     00.0    00.0   03.9     20.4    00:10      N 
25    08.2    15.8   16:24    00.0   07:20     10.1     00.0    00.0   05.1     18.5    16:59     WNW
26    11.1    18.1   15:40    04.5   06:29     07.2     00.0    00.0   04.1     18.5    08:57      W 
27    11.9    21.9   15:08    05.3   07:26     06.4     00.0    00.0   07.0     27.8    21:15      S 
28    10.4    17.8   16:40    03.9   07:21     07.9     00.0    00.0   03.6     16.6    14:12      NW
--------------------------------------------------------------------------------------------------------
06.9 (7.4)   21.9  day 27    -01.3  day 24   318.7    000.0   021.1   04.6     44.4   day 23     WNW
Min <=   0: 5
Max Rain: 11.4 ON 2-02-19
Days of Rain: 5 (> .2mm) 4 (> 2mm) 0 (> 20mm)