MONTHLY CLIMATOLOGICAL SUMMARY for APR. 2019

NAME: Estensemeteo   CITY: Ferrara STATE: Italy
ELEV: 11 LAT: 044:48:49 LONG: -011:41:15

                            TEMPERATURE ( C), RAIN (mm), WIND SPEED (kmh)

                                               HEAT     COOL           AVG
      MEAN                                     DEG      DEG            WIND                       DOM
DAY   TEMP    HIGH   TIME     LOW    TIME      DAYS     DAYS    RAIN   SPEED    HIGH    TIME      DIR
--------------------------------------------------------------------------------------------------------
01    15.0    23.6   15:08    06.4   07:29     03.3     00.0    00.0   02.8     18.5    16:20     SSE
02    14.9    21.9   15:41    08.3   05:33     03.4     00.0    00.0   04.5     24.1    23:46     ESE
03    14.3    19.6   15:07    10.4   06:47     04.0     00.0    01.0   08.4     33.3    15:43      S 
04    13.0    19.9   14:00    07.9   22:59     05.3     00.0    23.9   14.6     51.8    15:07      SE
05    10.1    13.8   16:36    07.6   07:54     08.2     00.0    07.1   05.0     22.2    10:08     WSW
06    11.2    15.7   14:00    06.7   07:05     07.1     00.0    00.0   04.9     25.9    16:14      E 
07    12.2    17.6   15:57    08.0   06:49     06.1     00.0    00.0   05.0     25.9    13:47      E 
08    11.9    16.6   15:42    07.4   07:37     06.4     00.0    00.0   06.2     27.8    10:45     WNW
09    13.9    18.2   13:27    09.9   06:30     04.4     00.0    00.5   04.1     20.4    16:38     NNE
10    14.0    21.3   15:57    07.0   07:02     04.3     00.0    00.0   03.8     22.2    19:55      SE
11    12.6    15.3   15:32    10.6   07:02     05.7     00.0    02.0   05.4     29.6    17:15      NE
12    12.0    15.1   14:03    09.8   00:00     06.3     00.0    00.5   03.7     22.2    15:24     ENE
13    10.9    14.5   17:45    08.2   00:00     07.4     00.0    00.5   02.3     18.5    12:35      SE
14    09.8    13.2   14:10    05.7   06:19     08.5     00.0    00.0   06.6     31.4    15:33     ENE
15    13.1    18.5   18:35    07.3   06:08     05.2     00.0    00.0   06.1     29.6    13:57     NNE
16    13.8    21.6   15:36    06.4   07:18     04.5     00.0    00.0   03.7     22.2    18:43     SSW
17    15.5    22.8   17:49    08.4   06:42     02.8     00.0    00.0   02.8     16.6    14:23     WSW
18    15.3    21.3   17:25    08.5   04:52     03.0     00.0    00.0   05.5     25.9    17:55     ESE
19    15.6    22.3   15:07    09.7   04:24     02.7     00.0    00.0   03.8     22.2    16:52     ENE
20    16.3    24.5   15:57    08.6   07:08     02.0     00.0    00.0   03.9     27.8    15:27      SE
21    16.3    23.8   14:16    09.9   06:43     02.0     00.0    00.0   04.9     27.8    16:18     ESE
22    14.6    19.4   13:00    11.1   02:01     03.7     00.0    00.8   11.8     44.4    17:07     ESE
23    14.9    16.2   17:36    13.9   06:22     03.4     00.0    15.5   10.5     33.3    12:12     ESE
24    17.7    24.7   15:07    13.9   06:41     00.6     00.0    00.0   07.6     29.6    18:08     SSE
25    16.0    22.8   15:22    10.7   06:03     02.3     00.0    00.0   06.3     25.9    18:23      E 
26    17.5    23.6   17:42    13.6   23:48     00.8     00.0    00.0   05.6     27.8    13:58      N 
27    16.3    22.7   17:30    10.1   06:38     02.0     00.0    00.0   06.3     24.1    16:50      W 
28    11.4    14.2   17:07    08.3   23:49     06.9     00.0    11.7   04.7     37.0    13:03     NNE
29    09.7    12.4   19:32    07.2   02:18     08.6     00.0    02.5   06.5     35.1    12:24      N 
30    14.3    22.2   16:47    08.6   07:20     04.0     00.0    00.0   05.7     22.2    11:00     WSW
--------------------------------------------------------------------------------------------------------
13.8 (14.2)   24.7  day 24     05.7  day 14   135.0    000.0   066.0   05.8     51.8   day 04     ESE
Max Rain: 23.9 ON 4-04-19
Days of Rain: 11 (> .2mm) 5 (> 2mm) 1 (> 20mm)