MONTHLY CLIMATOLOGICAL SUMMARY for APR. 2023 NAME: Estensemeteo CITY: Ferrara STATE: Italy ELEV: 11 LAT: 044:48:49 LONG: -011:41:15 TEMPERATURE ( °C), RAIN (mm), WIND SPEED (kmh) HEAT COOL AVG MEAN DEG DEG WIND DOM DAY TEMP HIGH TIME LOW TIME DAYS DAYS RAIN SPEED HIGH TIME DIR -------------------------------------------------------------------------------------------------------- 01 14.1 21.2 18:12 07.9 06:08 04.2 00.0 00.0 06.0 29.6 14:15 WNW 02 12.1 17.2 13:13 07.9 03:27 06.2 00.0 00.0 05.5 29.6 09:18 NNW 03 11.1 15.4 15:29 05.9 23:47 07.2 00.0 00.0 08.3 44.4 14:47 E 04 07.6 11.3 17:17 03.7 06:58 10.7 00.0 00.0 09.5 44.4 09:37 E 05 06.7 11.5 16:46 02.3 06:17 11.6 00.0 00.0 06.2 31.4 13:47 ENE 06 08.2 14.9 17:46 01.8 07:50 10.1 00.0 00.0 03.5 18.5 16:33 WSW 07 10.1 17.4 14:38 02.8 05:33 08.2 00.0 00.0 05.3 22.2 15:12 SE 08 11.3 16.2 17:48 05.4 06:10 07.0 00.0 00.0 05.2 27.8 14:50 NNW 09 11.3 16.7 16:58 07.5 05:02 07.0 00.0 00.0 06.0 24.1 17:15 ENE 10 12.0 17.8 16:26 07.2 06:52 06.3 00.0 00.0 05.7 27.8 11:31 ENE 11 12.8 20.2 18:50 05.6 06:05 05.5 00.0 00.0 04.1 18.5 16:23 SSW 12 13.7 18.7 13:53 09.1 00:05 04.6 00.0 00.0 06.5 20.4 18:27 ENE 13 11.7 18.5 14:12 07.7 21:58 06.6 00.0 04.2 08.1 38.9 20:14 NNE 14 10.2 16.0 17:34 07.2 07:00 08.1 00.0 02.2 07.6 29.6 18:54 SW 15 11.3 18.0 15:03 05.1 06:42 07.0 00.0 00.0 06.2 29.6 17:03 ENE 16 12.3 17.6 15:05 06.4 06:20 06.0 00.0 00.0 07.3 29.6 17:30 NE 17 12.0 16.5 18:52 07.7 07:55 06.3 00.0 00.0 03.8 12.9 18:41 WNW 18 15.4 20.1 16:49 09.8 07:07 02.9 00.0 00.0 05.9 27.8 11:14 ESE 19 16.0 21.9 16:18 11.0 07:10 02.3 00.0 00.0 05.0 22.2 23:26 ESE 20 13.6 18.5 14:51 10.6 07:04 04.7 00.0 10.0 08.4 37.0 15:38 NE 21 15.1 20.3 14:48 11.4 06:29 03.2 00.0 04.2 05.5 22.2 05:01 ENE 22 15.8 22.6 17:20 09.6 06:50 02.5 00.0 00.0 03.9 22.2 18:34 S 23 17.2 24.8 15:28 11.2 06:35 01.1 00.0 00.0 04.3 25.9 21:41 SE 24 15.7 20.7 16:00 11.9 00:00 02.6 00.0 00.8 06.2 24.1 13:30 S 25 12.7 15.8 15:59 09.8 00:00 05.6 00.0 01.4 02.5 20.4 04:57 E 26 13.4 21.3 15:44 06.1 06:46 04.9 00.0 00.0 00.0 00.0 00:00 N 27 14.6 20.6 14:32 08.4 05:00 03.7 00.0 00.0 00.0 00.0 00:00 N 28 15.2 23.2 16:07 08.7 04:09 03.1 00.0 00.0 01.5 38.9 17:01 ENE 29 15.2 20.9 17:12 11.7 03:18 03.1 00.0 00.0 02.3 14.8 22:10 E 30 16.8 22.3 17:01 11.4 05:55 01.5 00.0 00.0 05.4 29.6 15:27 E -------------------------------------------------------------------------------------------------------- 12.8 (13.2) 24.8 day 23 01.8 day 06 163.8 000.0 022.8 05.2 44.4 day 03 ENE Max Rain: 10.0 ON 20-04-23 Days of Rain: 6 (> .2mm) 4 (> 2mm) 0 (> 20mm)