MONTHLY CLIMATOLOGICAL SUMMARY for MAY. 2019

NAME: Estensemeteo   CITY: Ferrara STATE: Italy
ELEV: 11 LAT: 044:48:49 LONG: -011:41:15

                            TEMPERATURE ( C), RAIN (mm), WIND SPEED (kmh)

                                               HEAT     COOL           AVG
      MEAN                                     DEG      DEG            WIND                       DOM
DAY   TEMP    HIGH   TIME     LOW    TIME      DAYS     DAYS    RAIN   SPEED    HIGH    TIME      DIR
--------------------------------------------------------------------------------------------------------
01    17.7    24.3   17:57    11.8   06:45     00.6     00.0    00.0   05.0     24.1    19:22      S 
02    17.2    25.5   16:34    10.0   06:13     01.1     00.0    00.0   04.7     27.8    18:01      SW
03    15.1    21.1   15:37    12.7   07:07     03.2     00.0    05.1   04.0     35.1    16:30     ESE
04    14.5    20.0   16:18    11.7   05:03     03.8     00.0    08.9   04.1     27.8    17:27     ESE
05    09.5    13.5   00:10    06.8   19:44     08.8     00.0    29.2   14.6     66.6    11:34     NNE
06    11.0    17.0   17:34    06.9   06:38     07.3     00.0    04.8   07.1     24.1    15:31     WNW
07    12.4    18.5   13:05    05.2   06:22     05.9     00.0    00.0   07.3     25.9    16:13      SE
08    13.6    18.9   15:42    09.4   04:50     04.7     00.0    03.3   03.5     22.2    16:40     SSE
09    15.0    20.1   18:10    11.0   09:08     03.3     00.0    13.0   05.3     24.1    14:35      SW
10    17.0    24.6   16:42    10.6   06:28     01.3     00.0    00.0   04.7     27.8    18:21      SE
11    17.3    25.2   16:14    11.9   06:12     01.0     00.0    00.8   05.4     53.6    21:01     SSW
12    11.8    12.8   00:27    10.7   06:53     06.5     00.0    22.6   09.1     40.7    09:03      N 
13    13.0    14.9   15:56    11.5   02:03     05.3     00.0    02.8   04.7     18.5    03:20      N 
14    13.1    17.3   15:05    08.4   00:00     05.2     00.0    00.3   06.0     29.6    17:48     ESE
15    10.5    14.8   18:37    07.4   05:48     07.8     00.0    01.0   04.7     29.6    12:45      NE
16    13.4    19.4   17:03    07.1   05:58     04.9     00.0    00.0   04.5     22.2    15:48     WSW
17    14.6    20.1   15:10    08.2   05:26     03.7     00.0    00.3   07.6     29.6    16:10     ESE
18    14.0    15.4   18:53    12.4   06:53     04.3     00.0    16.0   08.9     38.9    15:38      NE
19    15.1    18.9   13:43    13.6   00:00     03.2     00.0    08.9   02.8     29.6    15:20     SSE
20    15.4    20.9   17:27    12.8   07:00     02.9     00.0    09.4   04.1     25.9    18:09     WSW
21    17.2    23.7   16:04    12.9   06:17     01.1     00.0    00.5   04.4     22.2    18:00      SE
22    18.5    24.8   16:04    14.1   07:31     00.0     00.2    00.0   03.9     24.1    18:47     WSW
23    19.7    25.8   18:23    14.7   05:52     00.0     01.4    19.6   03.3     16.6    04:33     SSW
24    20.6    27.4   17:52    14.9   05:16     00.0     02.3    00.0   04.7     22.2    19:03      SE
25    20.0    27.7   15:10    15.2   07:12     00.0     01.7    00.0   04.8     27.8    16:36      SE
26    18.4    21.6   15:55    15.9   05:22     00.0     00.1    00.5   07.5     27.8    15:47      E 
27    15.9    18.0   13:44    14.7   05:55     02.4     00.0    10.2   09.9     35.1    13:49     ENE
28    17.8    23.9   16:09    14.6   05:49     00.5     00.0    05.6   06.3     31.4    19:18      W 
29    14.2    15.6   00:05    13.4   07:08     04.1     00.0    20.1   06.7     29.6    19:47     NNW
30    16.9    21.6   16:39    12.4   06:45     01.4     00.0    00.3   04.8     27.8    14:43      E 
31    19.9    26.3   16:59    14.1   05:59     00.0     01.6    00.0   02.6     18.5    14:12      NW
--------------------------------------------------------------------------------------------------------
15.5 (16.1)   27.7  day 25     05.2  day 07   094.5    007.3   183.4   05.7     66.6   day 05     ENE
Max Rain: 29.2 ON 5-05-19
Days of Rain: 22 (> .2mm) 15 (> 2mm) 3 (> 20mm)