MONTHLY CLIMATOLOGICAL SUMMARY for MAY. 2023 NAME: Estensemeteo CITY: Ferrara STATE: Italy ELEV: 11 LAT: 044:48:49 LONG: -011:41:15 TEMPERATURE ( °C), RAIN (mm), WIND SPEED (kmh) HEAT COOL AVG MEAN DEG DEG WIND DOM DAY TEMP HIGH TIME LOW TIME DAYS DAYS RAIN SPEED HIGH TIME DIR -------------------------------------------------------------------------------------------------------- 01 14.9 17.9 14:11 12.6 23:25 03.4 00.0 11.8 07.6 37.0 22:17 NE 02 13.2 14.1 14:27 12.6 23:57 05.1 00.0 52.6 15.2 48.1 04:14 NNE 03 15.4 20.7 14:38 12.4 05:24 02.9 00.0 06.6 06.1 27.8 15:58 N 04 17.1 23.4 16:37 10.7 06:17 01.2 00.0 00.0 03.4 18.5 12:58 SE 05 18.5 25.4 17:24 11.2 05:14 00.0 00.2 00.0 02.8 16.6 19:25 SE 06 19.1 27.2 17:34 12.7 06:18 00.0 00.8 00.0 02.9 20.4 18:56 ESE 07 19.9 27.1 16:44 13.8 06:12 00.0 01.6 00.0 03.6 20.4 17:14 ESE 08 19.0 23.8 14:46 16.2 05:35 00.0 00.7 00.0 06.0 27.8 03:46 NE 09 18.1 23.2 15:08 13.8 07:06 00.2 00.0 00.0 06.0 25.9 18:15 E 10 13.4 16.1 00:34 12.4 12:29 04.9 00.0 80.4 09.8 37.0 17:13 NNE 11 12.6 14.2 16:00 11.3 07:04 05.7 00.0 26.8 10.3 29.6 04:04 NW 12 13.7 20.4 14:42 10.9 00:00 04.6 00.0 07.4 04.3 37.0 15:48 S 13 14.1 19.1 16:12 09.7 06:45 04.2 00.0 12.4 04.9 22.2 17:55 ENE 14 13.7 15.8 14:27 12.8 04:10 04.6 00.0 07.0 04.2 20.4 14:22 NNW 15 16.4 21.3 15:42 11.3 06:09 01.9 00.0 00.0 03.6 20.4 16:45 ENE 16 14.8 18.4 15:07 12.8 22:35 03.5 00.0 23.6 13.8 53.6 13:39 NNE 17 14.8 17.9 17:26 12.3 06:34 03.5 00.0 32.0 07.4 25.9 17:21 NNE 18 15.9 20.5 18:28 10.5 06:19 02.4 00.0 00.0 04.0 18.5 16:38 ENE 19 15.2 17.0 15:14 13.4 06:24 03.1 00.0 02.4 03.5 20.4 14:40 ENE 20 16.6 20.2 15:14 14.4 05:55 01.7 00.0 00.4 05.5 25.9 17:10 ENE 21 20.7 26.4 17:31 15.4 06:52 00.0 02.4 00.0 05.9 25.9 13:48 ENE 22 21.8 28.1 18:23 15.2 06:19 00.0 03.5 00.0 03.2 18.5 15:15 NNE 23 22.7 30.4 18:07 15.7 06:07 00.0 04.4 00.0 04.3 18.5 21:16 SW 24 21.4 27.6 15:03 16.3 05:53 00.0 03.1 00.0 05.0 25.9 14:27 ESE 25 21.3 27.6 18:56 17.2 04:39 00.0 03.0 01.4 05.8 29.6 11:02 ENE 26 22.3 29.2 17:55 15.9 06:25 00.0 04.0 00.0 04.8 18.5 12:18 WNW 27 22.1 26.2 18:23 17.5 06:55 00.0 03.8 03.4 06.2 27.8 02:19 ENE 28 21.3 27.2 17:12 15.8 06:33 00.0 03.0 00.0 03.7 18.5 18:24 NE 29 22.1 28.2 15:48 16.2 05:51 00.0 03.8 00.0 04.4 24.1 14:08 NE 30 22.6 27.6 16:50 17.5 04:55 00.0 04.3 00.0 06.6 27.8 08:54 ENE 31 21.7 26.3 17:59 16.8 06:42 00.0 03.4 00.0 08.2 29.6 16:35 ENE -------------------------------------------------------------------------------------------------------- 18.0 (18.3) 30.4 day 23 09.7 day 13 052.9 042.2 268.6 05.9 53.7 day 16 NE Max >= 30: 1 Max Rain: 80.4 ON 10-05-23 Days of Rain: 14 (> .2mm) 12 (> 2mm) 5 (> 20mm)