MONTHLY CLIMATOLOGICAL SUMMARY for JUN. 2021 NAME: Estensemeteo CITY: Ferrara STATE: Italy ELEV: 11 LAT: 044:48:49 LONG: -011:41:15 TEMPERATURE ( °C), RAIN (mm), WIND SPEED (kmh) HEAT COOL AVG MEAN DEG DEG WIND DOM DAY TEMP HIGH TIME LOW TIME DAYS DAYS RAIN SPEED HIGH TIME DIR -------------------------------------------------------------------------------------------------------- 01 18.9 25.4 15:42 10.9 05:50 00.0 00.6 00.0 05.6 25.9 19:18 ESE 02 20.2 26.0 16:17 13.2 05:57 00.0 01.9 00.0 06.0 27.8 13:59 E 03 22.2 29.9 17:38 15.2 06:03 00.0 03.9 00.0 03.8 22.2 19:15 SSE 04 23.3 31.5 17:27 15.9 05:02 00.0 05.0 00.0 03.8 25.9 18:25 ESE 05 23.9 30.2 16:51 17.1 06:06 00.0 05.6 00.0 04.6 22.2 19:40 W 06 20.9 28.1 15:21 17.1 22:42 00.0 02.6 17.4 04.5 40.7 17:59 NW 07 20.6 26.2 16:42 17.1 05:48 00.0 02.3 00.0 03.8 20.4 16:50 NNW 08 22.0 27.8 15:38 18.0 06:13 00.0 03.7 00.0 04.5 20.4 14:55 W 09 23.7 30.3 16:46 17.9 04:02 00.0 05.4 00.0 04.8 18.5 14:35 NW 10 23.9 29.8 15:40 19.1 06:49 00.0 05.6 00.0 04.2 24.1 10:05 NNE 11 22.8 28.4 15:36 17.9 06:49 00.0 04.5 00.0 03.2 18.5 14:45 NNW 12 24.7 31.7 16:53 16.5 06:23 00.0 06.4 00.0 03.8 18.5 16:20 SW 13 25.7 33.4 16:45 20.2 06:47 00.0 07.4 00.0 05.9 25.9 17:58 SE 14 23.6 28.4 15:22 18.6 05:52 00.0 05.3 00.0 09.4 31.4 11:18 ESE 15 23.4 29.5 15:22 16.2 05:02 00.0 05.1 00.0 07.5 25.9 18:07 ESE 16 24.4 30.9 17:44 16.6 04:39 00.0 06.1 00.0 05.3 22.2 16:28 SE 17 25.7 33.5 16:46 18.7 05:12 00.0 07.4 00.0 04.4 22.2 19:14 E 18 26.2 33.0 15:31 20.3 04:34 00.0 07.9 00.0 04.4 18.5 21:17 ENE 19 26.5 32.3 16:42 20.1 05:53 00.0 08.2 00.0 04.0 20.4 10:38 WNW 20 27.7 34.4 16:23 21.4 05:07 00.0 09.4 00.0 04.4 18.5 20:13 S 21 27.6 34.7 17:50 21.5 06:27 00.0 09.3 00.0 04.5 27.8 18:42 SW 22 27.4 34.7 17:08 20.8 05:48 00.0 09.1 00.0 06.1 29.6 19:01 S 23 26.6 33.8 16:22 19.1 05:34 00.0 08.3 00.0 04.8 24.1 16:34 SW 24 26.9 34.3 16:09 20.3 06:10 00.0 08.6 00.0 06.4 35.1 18:55 WSW 25 24.8 32.3 16:45 17.1 05:44 00.0 06.5 00.0 07.5 29.6 14:57 SW 26 25.5 31.8 16:08 18.1 05:26 00.0 07.2 00.0 06.0 27.8 15:55 SE 27 26.7 34.0 16:19 18.7 05:14 00.0 08.4 00.0 05.1 24.1 19:58 SE 28 26.9 33.4 14:42 19.2 04:18 00.0 08.6 00.0 06.9 29.6 13:58 ESE 29 27.8 35.3 16:14 20.9 06:33 00.0 09.5 00.0 06.3 42.5 17:53 SW 30 25.8 30.9 16:50 18.9 06:25 00.0 07.5 00.0 08.8 40.7 14:09 SSW -------------------------------------------------------------------------------------------------------- 24.5 (24.6) 35.3 day 29 10.9 day 01 000.0 187.4 017.4 05.3 42.6 day 30 SSE Max >= 30: 20 Max Rain: 17.4 ON 6-06-21 Days of Rain: 1 (> .2mm) 1 (> 2mm) 0 (> 20mm)