MONTHLY CLIMATOLOGICAL SUMMARY for JUL. 2022 NAME: Estensemeteo CITY: Ferrara STATE: Italy ELEV: 11 LAT: 044:48:49 LONG: -011:41:15 TEMPERATURE ( °C), RAIN (mm), WIND SPEED (kmh) HEAT COOL AVG MEAN DEG DEG WIND DOM DAY TEMP HIGH TIME LOW TIME DAYS DAYS RAIN SPEED HIGH TIME DIR -------------------------------------------------------------------------------------------------------- 01 27.3 35.7 17:47 19.1 04:42 00.0 09.0 00.0 04.8 20.4 16:20 S 02 28.3 34.3 17:51 22.0 05:25 00.0 10.0 00.0 05.3 22.2 11:54 NE 03 29.5 37.0 16:37 22.2 04:49 00.0 11.2 00.0 04.0 27.8 18:42 SE 04 28.7 36.5 17:04 20.1 21:03 00.0 10.4 21.6 03.9 55.5 20:18 NNE 05 26.8 34.4 18:14 20.1 05:40 00.0 08.5 00.0 04.8 18.5 20:33 NW 06 26.6 32.8 15:38 20.6 06:09 00.0 08.3 00.0 07.0 35.1 03:37 E 07 24.7 31.9 14:09 19.3 20:59 00.0 06.4 10.2 08.4 62.9 20:18 E 08 23.9 30.4 16:39 17.2 04:52 00.0 05.6 00.0 05.1 24.1 17:33 SE 09 24.1 29.6 17:52 18.5 04:50 00.0 05.8 00.0 06.0 27.8 13:35 SE 10 25.0 33.2 17:12 17.2 04:41 00.0 06.7 00.0 06.3 31.4 18:47 SSE 11 24.9 29.4 16:14 20.2 05:12 00.0 06.6 00.0 10.1 31.4 17:47 ESE 12 25.3 29.9 16:53 20.7 02:27 00.0 07.0 00.0 08.7 29.6 15:49 ESE 13 25.8 32.9 16:46 18.8 03:03 00.0 07.5 00.0 05.9 25.9 18:34 ESE 14 26.7 34.9 16:31 18.2 05:41 00.0 08.4 00.0 06.5 25.9 18:29 SE 15 27.9 37.0 16:11 19.9 05:10 00.0 09.6 00.0 05.1 29.6 17:49 ESE 16 27.8 34.9 16:25 22.3 06:24 00.0 09.5 00.0 07.1 25.9 19:32 E 17 27.7 33.1 15:57 21.5 05:04 00.0 09.4 00.0 07.5 29.6 16:45 E 18 29.5 33.3 17:08 23.1 07:02 00.0 11.2 00.0 06.9 27.8 15:56 ESE 19 27.8 34.7 16:36 21.0 05:40 00.0 09.5 00.0 04.6 27.8 17:34 ESE 20 28.3 36.1 18:20 18.9 06:00 00.0 10.0 00.0 03.9 20.4 19:03 E 21 28.3 36.2 15:50 20.3 05:04 00.0 10.0 00.0 05.9 25.9 16:50 ESE 22 29.4 38.1 15:17 21.1 05:42 00.0 11.1 00.0 06.2 27.8 17:33 ESE 23 29.8 38.7 18:12 22.3 05:18 00.0 11.5 00.0 04.2 24.1 19:10 N 24 29.8 36.1 16:05 24.9 06:15 00.0 11.5 00.0 04.9 22.2 17:13 ENE 25 29.7 37.9 16:10 21.9 06:11 00.0 11.4 00.0 04.4 29.6 18:57 SE 26 28.9 34.1 15:18 24.9 06:35 00.0 10.6 00.0 08.1 44.4 00:23 E 27 26.6 32.2 17:33 20.5 06:12 00.0 08.3 00.0 06.0 40.7 04:32 N 28 26.6 32.9 14:57 21.7 06:23 00.0 08.3 00.0 05.3 24.1 15:13 E 29 26.2 34.7 16:22 20.9 02:31 00.0 07.9 00.0 04.7 33.3 17:13 N 30 25.8 32.8 18:04 21.3 06:37 00.0 07.5 00.2 06.0 22.2 20:12 W 31 27.4 35.3 18:23 20.1 06:15 00.0 09.1 00.0 04.1 22.2 19:29 SSE -------------------------------------------------------------------------------------------------------- 27.3 (27.4) 38.7 day 23 17.2 day 10 000.0 277.9 032.0 05.9 62.9 day 07 ESE Max >= 30: 28 Max Rain: 21.6 ON 4-07-22 Days of Rain: 3 (> .2mm) 2 (> 2mm) 1 (> 20mm)