MONTHLY CLIMATOLOGICAL SUMMARY for AUG. 2018

NAME: Estensemeteo   CITY: Ferrara STATE: Italy
ELEV: 11 LAT: 044:48:49 LONG: -011:41:15

                            TEMPERATURE ( C), RAIN (mm), WIND SPEED (kmh)

                                               HEAT     COOL           AVG
      MEAN                                     DEG      DEG            WIND                       DOM
DAY   TEMP    HIGH   TIME     LOW    TIME      DAYS     DAYS    RAIN   SPEED    HIGH    TIME      DIR
--------------------------------------------------------------------------------------------------------
01    31.5    38.1   16:30    24.6   06:08     00.0     13.2    00.0   02.1     16.6    12:17     SSE
02    28.3    33.3   18:29    23.4   12:19     00.0     10.0    00.3   04.0     29.6    11:29     NNE
03    28.6    33.3   16:08    22.9   06:48     00.0     10.3    00.0   06.0     31.4    12:43      NE
04    29.2    33.9   16:47    24.2   06:54     00.0     10.9    00.0   04.5     25.9    14:05      NE
05    29.3    37.1   18:06    22.5   06:50     00.0     11.0    00.0   03.4     20.4    19:55      NE
06    29.1    35.4   16:29    23.0   07:15     00.0     10.8    00.0   03.0     18.5    17:04      E 
07    28.5    35.9   16:22    22.3   05:54     00.0     10.2    00.0   01.9     18.5    18:33     SSW
08    28.2    35.8   15:40    23.2   06:57     00.0     09.9    00.0   02.6     18.5    17:12      S 
09    27.4    35.1   14:53    19.7   22:47     00.0     09.1    15.5   03.9     53.6    22:00      NE
10    26.2    34.2   16:02    19.6   06:48     00.0     07.9    00.0   03.0     40.7    20:17     SSW
11    28.0    35.1   17:52    22.0   05:09     00.0     09.7    00.0   02.8     22.2    20:01     SSW
12    25.6    30.9   19:17    22.1   13:05     00.0     07.3    13.7   03.5     18.5    15:34     ENE
13    25.2    34.1   16:55    20.5   06:43     00.0     06.9    31.2   02.6     64.8    18:09      SW
14    22.6    27.6   16:02    19.1   00:00     00.0     04.3    06.6   03.4     20.4    22:03     WNW
15    24.1    30.0   16:32    19.2   02:08     00.0     05.8    00.0   04.5     16.6    17:50      N 
16    25.4    30.5   17:17    19.6   06:52     00.0     07.1    00.0   03.3     25.9    13:06     NNE
17    25.7    33.3   17:59    18.8   07:05     00.0     07.4    00.0   02.1     18.5    15:43     SSW
18    26.6    32.8   17:13    20.2   06:39     00.0     08.3    00.0   02.6     22.2    17:50     ENE
19    27.3    32.9   16:15    21.8   06:45     00.0     09.0    00.0   03.6     44.4    15:42      NE
20    28.1    33.4   18:10    22.2   07:00     00.0     09.8    00.0   03.4     25.9    15:32     NNE
21    27.9    33.8   14:52    21.7   06:48     00.0     09.6    00.0   00.4     14.8    17:18      NE
22    27.4    34.2   15:02    21.9   06:51     00.0     09.1    00.0   00.3     16.6    15:35      E 
23    27.7    34.8   18:35    21.3   06:50     00.0     09.4    00.0   00.3     18.5    20:14      E 
24    26.5    34.9   16:53    21.4   08:10     00.0     08.2    00.0   00.2     29.6    03:50      SW
25    22.3    27.4   15:16    19.4   23:51     00.0     04.0    05.3   00.0     03.7    04:36      NE
26    18.6    21.8   18:02    15.8   08:02     00.0     00.3    08.7   00.0     00.0    00:00      NE
27    20.5    27.7   18:18    13.8   07:10     00.0     02.2    00.0   00.0     03.7    08:17      NW
28    23.0    31.1   17:35    15.6   07:09     00.0     04.7    00.0   00.0     07.4    21:33      NW
29    23.6    32.8   18:02    17.3   04:46     00.0     05.3    00.0   01.2     18.5    19:53     ESE
30    24.1    31.5   16:20    17.5   07:17     00.0     05.8    00.0   03.6     18.5    18:56      E 
31    21.6    26.4   21:00    20.2   23:37     00.0     03.3    13.2   03.3     27.8    21:17     ENE
--------------------------------------------------------------------------------------------------------
26.1 (26.5)   38.1  day 01     13.8  day 27   000.0    240.6   094.5   02.4     64.8   day 13      NE
Max >=  30: 26
Max Rain: 31.2 ON 13-08-18
Days of Rain: 8 (> .2mm) 7 (> 2mm) 1 (> 20mm)