MONTHLY CLIMATOLOGICAL SUMMARY for SEP. 2018

NAME: Estensemeteo   CITY: Ferrara STATE: Italy
ELEV: 11 LAT: 044:48:49 LONG: -011:41:15

                            TEMPERATURE ( C), RAIN (mm), WIND SPEED (kmh)

                                               HEAT     COOL           AVG
      MEAN                                     DEG      DEG            WIND                       DOM
DAY   TEMP    HIGH   TIME     LOW    TIME      DAYS     DAYS    RAIN   SPEED    HIGH    TIME      DIR
--------------------------------------------------------------------------------------------------------
01    19.2    23.6   17:06    16.7   23:59     00.0     00.9    00.0   05.5     40.7    18:49      NW
02    19.5    24.6   17:56    16.3   03:03     00.0     01.2    00.3   04.5     18.5    18:09     NNW
03    20.9    27.0   16:44    16.3   05:57     00.0     02.6    00.0   05.1     24.1    18:06      W 
04    22.2    28.8   17:23    16.3   07:08     00.0     03.9    00.0   04.1     20.4    13:00      W 
05    23.1    30.6   17:04    17.3   06:59     00.0     04.8    00.0   02.9     16.6    19:39     SSW
06    23.8    31.2   16:32    17.4   07:12     00.0     05.5    00.3   04.0     24.1    18:30      SE
07    20.8    25.9   14:10    18.3   17:20     00.0     02.5    45.7   04.0     40.7    17:03      N 
08    22.4    28.8   17:29    16.6   07:33     00.0     04.1    00.3   02.4     12.9    19:08     WNW
09    23.2    30.5   17:08    16.6   07:06     00.0     04.9    00.0   02.4     16.6    20:42      SE
10    24.3    31.5   16:10    18.4   07:10     00.0     06.0    00.0   02.8     18.5    18:44      SE
11    24.7    31.6   17:07    18.5   07:13     00.0     06.4    00.0   03.2     20.4    19:04     SSE
12    24.7    32.1   15:46    18.7   07:37     00.0     06.4    00.0   03.8     24.1    17:06      SE
13    23.9    28.3   15:24    20.1   06:56     00.0     05.6    00.0   02.4     12.9    13:10     SSE
14    24.2    31.0   17:27    18.4   07:24     00.0     05.9    00.0   03.2     18.5    20:00      S 
15    22.6    27.7   17:19    19.8   08:36     00.0     04.3    00.6   03.9     29.6    08:22      NE
16    23.2    29.4   15:40    17.9   06:46     00.0     04.9    00.0   03.4     20.4    17:38      E 
17    22.0    29.7   15:33    19.2   07:42     00.0     03.7    19.6   02.7     57.4    16:07      NE
18    22.9    29.3   16:47    19.8   07:14     00.0     04.6    00.3   02.6     24.1    16:57     ESE
19    23.2    29.1   17:06    18.3   07:33     00.0     04.9    00.0   02.3     14.8    19:26      NW
20    23.9    29.7   17:16    18.6   08:28     00.0     05.6    00.0   03.0     25.9    15:04     NNE
21    23.8    30.9   17:01    17.7   07:36     00.0     05.5    00.0   03.6     18.5    22:59      S 
22    23.8    30.2   17:14    19.0   00:00     00.0     05.5    00.0   03.5     22.2    21:55      W 
23    22.0    30.1   17:17    17.2   06:49     00.0     03.7    00.0   04.2     27.8    18:23      NE
24    20.4    25.2   12:07    15.3   22:44     00.0     02.1    00.0   10.1     55.5    13:40      SE
25    16.3    20.8   15:03    10.9   06:56     02.0     00.0    00.0   08.2     35.1    15:26      E 
26    14.8    19.1   16:20    10.1   07:52     03.5     00.0    00.0   06.1     25.9    10:35      E 
27    16.1    24.3   17:07    08.3   07:32     02.2     00.0    00.0   03.1     18.5    13:03     WNW
28    19.6    26.6   17:15    10.2   08:12     00.0     01.3    00.0   04.3     20.4    13:12     WNW
30    20.3    23.7   16:45    17.7   07:13     00.0     02.0   -----               
--------------------------------------------------------------------------------------------------------
21.8 (22.4)   32.1  day 12     08.3  day 27   007.7    108.5   094.5   03.8     57.4   day 17     ESE
Max >=  30: 10
Max Rain: 45.7 ON 7-09-18
Days of Rain: 7 (> .2mm) 2 (> 2mm) 1 (> 20mm)