MONTHLY CLIMATOLOGICAL SUMMARY for SEP. 2020 NAME: Estensemeteo CITY: Ferrara STATE: Italy ELEV: 11 LAT: 044:48:49 LONG: -011:41:15 TEMPERATURE ( °C), RAIN (mm), WIND SPEED (kmh) HEAT COOL AVG MEAN DEG DEG WIND DOM DAY TEMP HIGH TIME LOW TIME DAYS DAYS RAIN SPEED HIGH TIME DIR -------------------------------------------------------------------------------------------------------- 01 19.9 26.9 18:22 13.9 07:06 00.0 01.6 00.3 05.0 22.2 12:20 SW 02 19.9 25.0 16:02 15.3 04:26 00.0 01.6 00.5 07.5 35.1 14:05 ENE 03 20.8 26.5 16:32 15.4 06:49 00.0 02.5 00.0 03.7 16.6 11:27 WNW 04 22.5 29.5 16:40 16.3 06:17 00.0 04.2 00.0 02.9 20.4 18:20 SSE 05 23.2 30.7 17:30 17.0 06:10 00.0 04.9 00.0 02.4 18.5 20:10 S 06 23.1 30.3 17:27 17.7 05:03 00.0 04.8 00.0 03.5 18.5 19:20 ESE 07 22.9 29.9 14:54 18.7 04:42 00.0 04.6 00.3 05.6 33.3 17:02 E 08 22.4 27.9 15:56 17.4 07:13 00.0 04.1 00.0 04.6 24.1 14:15 NE 09 23.0 29.6 16:56 16.4 06:22 00.0 04.7 00.0 02.5 14.8 22:11 SW 10 24.2 30.8 16:08 18.6 07:49 00.0 05.9 00.0 03.2 27.8 18:16 SE 11 24.5 29.9 14:49 20.1 07:20 00.0 06.2 00.0 03.1 20.4 17:44 NE 12 24.4 30.3 16:53 19.4 04:45 00.0 06.1 00.0 04.9 25.9 11:25 NNE 13 25.0 31.5 16:25 18.3 07:08 00.0 06.7 00.0 03.4 22.2 13:46 NE 14 24.8 30.9 15:34 19.2 07:18 00.0 06.5 00.0 04.9 27.8 13:32 ENE 15 24.5 31.1 15:28 18.8 07:43 00.0 06.2 00.0 02.8 18.5 17:33 NNE 16 24.4 30.7 16:07 18.2 05:54 00.0 06.1 00.0 03.4 29.6 15:04 WNW 17 24.8 31.7 15:49 18.8 07:25 00.0 06.5 00.0 04.4 25.9 15:55 NE 18 23.3 28.9 15:40 19.2 07:57 00.0 05.0 00.0 04.7 24.1 17:27 NE 19 21.0 26.1 16:33 16.1 07:30 00.0 02.7 00.0 03.8 22.2 13:17 NE 20 20.6 25.8 16:30 15.7 07:06 00.0 02.3 01.8 03.0 22.2 13:10 E 21 21.6 27.6 16:04 17.2 08:03 00.0 03.3 00.3 04.3 24.1 17:56 NE 22 20.2 25.7 12:39 17.6 23:56 00.0 01.9 06.9 03.5 25.9 13:09 NNW 23 20.5 25.4 15:40 17.3 07:34 00.0 02.2 00.3 02.6 18.5 17:15 WSW 24 21.1 27.4 14:23 15.7 07:38 00.0 02.8 01.0 03.6 24.1 16:18 S 25 19.7 27.1 14:32 13.1 23:59 00.0 01.4 04.3 11.3 50.0 15:30 SW 26 15.3 22.0 15:05 11.1 07:46 03.0 00.0 00.8 07.7 44.4 01:14 W 27 12.7 16.8 14:38 08.2 05:31 05.6 00.0 01.0 05.1 31.4 16:39 ENE 28 14.2 18.7 17:21 10.8 08:14 04.1 00.0 01.0 04.3 22.2 09:52 W 29 15.7 22.3 17:00 09.6 04:52 02.6 00.0 00.3 01.8 14.8 14:20 SW 30 16.9 23.2 14:49 11.6 07:39 01.4 00.0 00.0 02.2 14.8 21:23 NW -------------------------------------------------------------------------------------------------------- 21.2 (21.7) 31.7 day 17 08.2 day 27 016.7 104.8 018.5 04.2 50.0 day 26 ENE Max >= 30: 9 Max Rain: 6.9 ON 22-09-20 Days of Rain: 13 (> .2mm) 2 (> 2mm) 0 (> 20mm)