MONTHLY CLIMATOLOGICAL SUMMARY for SEP. 2021 NAME: Estensemeteo CITY: Ferrara STATE: Italy ELEV: 11 LAT: 044:48:49 LONG: -011:41:15 TEMPERATURE ( °C), RAIN (mm), WIND SPEED (kmh) HEAT COOL AVG MEAN DEG DEG WIND DOM DAY TEMP HIGH TIME LOW TIME DAYS DAYS RAIN SPEED HIGH TIME DIR -------------------------------------------------------------------------------------------------------- 01 21.5 28.4 15:38 15.6 07:14 00.0 03.2 00.0 03.5 18.5 19:15 SE 02 21.3 27.3 15:20 14.8 04:40 00.0 03.0 00.0 05.8 29.6 12:39 ESE 03 21.2 28.1 17:31 15.0 05:52 00.0 02.9 00.0 03.5 18.5 19:42 ENE 04 21.6 28.2 17:15 15.8 04:44 00.0 03.3 00.0 02.8 22.2 14:57 ESE 05 22.2 28.7 15:26 16.0 06:49 00.0 03.9 00.0 04.6 27.8 15:53 NE 06 22.5 29.0 15:23 16.1 06:22 00.0 04.2 00.0 05.1 29.6 13:49 NE 07 22.0 28.9 16:20 15.3 07:14 00.0 03.7 00.0 03.7 22.2 17:34 NNE 08 21.8 28.7 15:52 15.4 07:14 00.0 03.5 00.0 04.7 24.1 16:16 ENE 09 21.5 29.4 15:51 14.5 06:57 00.0 03.2 00.0 03.9 25.9 17:44 E 10 21.9 29.4 15:02 14.8 06:53 00.0 03.6 00.0 04.4 25.9 19:05 ESE 11 22.1 29.4 16:17 16.4 07:33 00.0 03.8 00.0 03.4 29.6 17:09 ESE 12 22.9 30.3 15:51 15.2 04:57 00.0 04.6 00.0 03.0 22.2 13:53 NE 13 24.1 32.3 16:22 16.7 06:14 00.0 05.8 00.0 03.4 18.5 19:09 S 14 24.2 31.6 17:15 16.6 07:39 00.0 05.9 00.0 02.9 18.5 13:33 WNW 15 24.7 31.1 16:57 19.9 06:21 00.0 06.4 00.0 03.8 25.9 17:14 SW 16 22.0 25.2 15:20 20.2 00:00 00.0 03.7 06.2 05.0 29.6 15:37 S 17 21.9 27.6 17:48 18.4 07:22 00.0 03.6 01.4 03.6 18.5 20:15 WNW 18 21.3 27.4 15:58 17.6 07:35 00.0 03.0 02.4 04.8 38.9 17:04 ENE 19 20.4 25.8 17:57 16.8 23:56 00.0 02.1 00.4 04.6 29.6 16:22 ESE 20 19.3 25.4 16:23 14.6 07:26 00.0 01.0 00.2 04.9 25.9 18:09 NE 21 18.3 23.5 15:05 14.0 06:03 00.0 00.0 41.2 05.3 24.1 03:49 NE 22 17.8 23.6 14:24 12.7 06:59 00.5 00.0 00.0 03.2 18.5 18:01 SE 23 18.0 24.1 16:15 13.1 07:25 00.3 00.0 00.0 03.7 20.4 12:13 SE 24 19.2 26.1 17:05 13.2 07:31 00.0 00.9 00.0 03.6 14.8 19:18 WSW 25 20.1 27.0 16:12 14.2 07:29 00.0 01.8 00.0 03.6 22.2 18:20 ENE 26 19.4 24.8 12:35 16.9 07:05 00.0 01.1 19.2 05.4 44.4 18:36 NNE 27 18.5 21.6 16:27 16.3 07:48 00.0 00.2 00.0 03.5 16.6 16:44 W 28 20.2 27.1 16:56 14.3 07:27 00.0 01.9 00.0 02.3 09.3 17:40 WSW 29 20.9 27.1 16:17 16.0 07:50 00.0 02.6 00.0 02.8 18.5 16:23 SSE 30 19.9 24.1 16:17 16.6 07:51 00.0 01.6 00.0 06.2 29.6 10:42 ENE -------------------------------------------------------------------------------------------------------- 21.1 (21.6) 32.3 day 13 12.7 day 22 000.8 084.4 071.0 04.0 44.4 day 26 E Max >= 30: 4 Max Rain: 41.2 ON 21-09-21 Days of Rain: 7 (> .2mm) 4 (> 2mm) 1 (> 20mm)